{"id":136,"date":"2023-11-06T11:15:23","date_gmt":"2023-11-06T10:15:23","guid":{"rendered":"https:\/\/vermietung.klaerwerk-krefeld.org\/?page_id=136"},"modified":"2025-12-01T08:43:17","modified_gmt":"2025-12-01T07:43:17","slug":"willkommen","status":"publish","type":"page","link":"https:\/\/location.klaerwerk-krefeld.org\/","title":{"rendered":"Historisches Kl\u00e4rwerk Krefeld \u2013 Industriedenkmal &amp; Eventlocation"},"content":{"rendered":"\n<p>Herzlich willkommen !<\/p>\n\n\n\n<h2 class=\"wp-block-heading\"><strong>Einzigartige Location mit Geschichte<\/strong><\/h2>\n\n\n\n<p>Das&nbsp;<strong>historische Kl\u00e4rwerk in Krefeld<\/strong>&nbsp;ist ein Industriedenkmal von internationaler Bedeutung. Das Kl\u00e4rwerk wurde zwischen 1908-10 erbaut und z\u00e4hlt heute zu den \u00e4ltesten Beton-Hallenbauwerken der Welt, zudem ist es ist eine der \u00e4ltesten Kl\u00e4ranlagen, aus der Zeit als unsere St\u00e4dte modern wurden. Im organisch geformten Jugendstil ist es eine Wohltat und ein spannendes Erlebnis. Zu ihrer Entstehungszeit war das Kl\u00e4rwerk eine moderne Kl\u00e4ranlagen \u2013 heute ist es ein seltenes Monument und eine Sch\u00f6nheit.<\/p>\n\n\n\n<h2 class=\"wp-block-heading\"><strong>Teil der Europ\u00e4ischen Route der Industriekultur<\/strong><\/h2>\n\n\n\n<p>Als Mitglied der&nbsp;<strong>European Route of Industrial Heritage (ERIH)<\/strong>&nbsp;und der Globalen Wassermuseen zieht das Kl\u00e4rwerk Besucherinnen und Besucher von nah und fern an. Es erz\u00e4hlt auf eine besondere Weise vom Wert des <strong>Wassers, der Sch\u00f6nheit der Architektur, von gro\u00dfer Ingenieurkunst<\/strong>&nbsp;und es \u00fcberzeugt durch seine Authentizit\u00e4t. Nicht zuletzt deswegen war es einer der Drehorte der Erfolgsserie&nbsp;<em><strong>Babylon Berlin<\/strong><\/em>.<\/p>\n\n\n\n<figure data-wp-context=\"{&quot;imageId&quot;:&quot;69fb23054b5d5&quot;}\" data-wp-interactive=\"core\/image\" data-wp-key=\"69fb23054b5d5\" class=\"wp-block-image size-large wp-lightbox-container\"><img loading=\"lazy\" decoding=\"async\" width=\"1024\" height=\"683\" data-wp-class--hide=\"state.isContentHidden\" data-wp-class--show=\"state.isContentVisible\" data-wp-init=\"callbacks.setButtonStyles\" data-wp-on--click=\"actions.showLightbox\" data-wp-on--load=\"callbacks.setButtonStyles\" data-wp-on-window--resize=\"callbacks.setButtonStyles\" src=\"https:\/\/location.klaerwerk-krefeld.org\/wp-content\/uploads\/2025\/04\/IMG_2690-1024x683.jpg\" alt=\"\" class=\"wp-image-603\" srcset=\"https:\/\/location.klaerwerk-krefeld.org\/wp-content\/uploads\/2025\/04\/IMG_2690-1024x683.jpg 1024w, https:\/\/location.klaerwerk-krefeld.org\/wp-content\/uploads\/2025\/04\/IMG_2690-300x200.jpg 300w, https:\/\/location.klaerwerk-krefeld.org\/wp-content\/uploads\/2025\/04\/IMG_2690-768x512.jpg 768w, https:\/\/location.klaerwerk-krefeld.org\/wp-content\/uploads\/2025\/04\/IMG_2690-1536x1024.jpg 1536w, https:\/\/location.klaerwerk-krefeld.org\/wp-content\/uploads\/2025\/04\/IMG_2690.jpg 2048w\" sizes=\"auto, (max-width: 767px) 89vw, (max-width: 1000px) 54vw, (max-width: 1071px) 543px, 580px\" \/><button\n\t\t\tclass=\"lightbox-trigger\"\n\t\t\ttype=\"button\"\n\t\t\taria-haspopup=\"dialog\"\n\t\t\taria-label=\"Vergr\u00f6\u00dfern\"\n\t\t\tdata-wp-init=\"callbacks.initTriggerButton\"\n\t\t\tdata-wp-on--click=\"actions.showLightbox\"\n\t\t\tdata-wp-style--right=\"state.imageButtonRight\"\n\t\t\tdata-wp-style--top=\"state.imageButtonTop\"\n\t\t>\n\t\t\t<svg xmlns=\"http:\/\/www.w3.org\/2000\/svg\" width=\"12\" height=\"12\" fill=\"none\" viewBox=\"0 0 12 12\">\n\t\t\t\t<path fill=\"#fff\" d=\"M2 0a2 2 0 0 0-2 2v2h1.5V2a.5.5 0 0 1 .5-.5h2V0H2Zm2 10.5H2a.5.5 0 0 1-.5-.5V8H0v2a2 2 0 0 0 2 2h2v-1.5ZM8 12v-1.5h2a.5.5 0 0 0 .5-.5V8H12v2a2 2 0 0 1-2 2H8Zm2-12a2 2 0 0 1 2 2v2h-1.5V2a.5.5 0 0 0-.5-.5H8V0h2Z\" \/>\n\t\t\t<\/svg>\n\t\t<\/button><\/figure>\n\n\n\n<h2 class=\"wp-block-heading\"><strong>Ihr Ort f\u00fcr Kunst, Kultur, Events  und Veranstaltungen<\/strong><\/h2>\n\n\n\n<p>Das alte Kl\u00e4rwerk ist heute mehr als ein Denkmal:<\/p>\n\n\n\n<ul class=\"wp-block-list\">\n<li><strong>Kunst- und Kulturort<\/strong>&nbsp;mit wechselnden Veranstaltungen.<\/li>\n\n\n\n<li><strong>MICE-Location<\/strong>&nbsp;f\u00fcr <a href=\"https:\/\/location.klaerwerk-krefeld.org\/index.php\/vermietung-fuer-firmen-events\/\" data-type=\"page\" data-id=\"574\">Konferenzen, Tagungen, Firmenevents<\/a> <a href=\"https:\/\/location.klaerwerk-krefeld.org\/index.php\/weihnachtsfeier-im-historischen-klaerwerk\/\" data-type=\"page\" data-id=\"755\">Weihnachtsfeiern<\/a><\/li>\n\n\n\n<li><strong>Eventlocation<\/strong>&nbsp;f\u00fcr <a href=\"https:\/\/location.klaerwerk-krefeld.org\/index.php\/hochzeiten\/\" data-type=\"page\" data-id=\"352\">Hochzeiten<\/a>, runde <a href=\"https:\/\/location.klaerwerk-krefeld.org\/index.php\/private-feiern\/\" data-type=\"page\" data-id=\"414\">Geburtstage<\/a> oder Jubil\u00e4en.<\/li>\n<\/ul>\n\n\n\n<p><strong>Ohne solche vielf\u00e4ltige Nutzungen w\u00e4re ein langfristiger Erhalt des Industriedenkmals nicht m\u00f6glich.<\/strong><\/p>\n\n\n\n<h2 class=\"wp-block-heading\"><em>Der Erhalt ist das Ziel. Und deswegen sind Sie hier herzlich willkommen!<\/em><\/h2>\n\n\n\n<figure data-wp-context=\"{&quot;imageId&quot;:&quot;69fb23054d4f4&quot;}\" data-wp-interactive=\"core\/image\" data-wp-key=\"69fb23054d4f4\" class=\"wp-block-image size-large wp-lightbox-container\"><img loading=\"lazy\" decoding=\"async\" width=\"1024\" height=\"683\" data-wp-class--hide=\"state.isContentHidden\" data-wp-class--show=\"state.isContentVisible\" data-wp-init=\"callbacks.setButtonStyles\" data-wp-on--click=\"actions.showLightbox\" data-wp-on--load=\"callbacks.setButtonStyles\" data-wp-on-window--resize=\"callbacks.setButtonStyles\" src=\"https:\/\/location.klaerwerk-krefeld.org\/wp-content\/uploads\/2025\/06\/klaerwerk-aussen-1024x683.jpg\" alt=\"\" class=\"wp-image-682\" srcset=\"https:\/\/location.klaerwerk-krefeld.org\/wp-content\/uploads\/2025\/06\/klaerwerk-aussen-1024x683.jpg 1024w, https:\/\/location.klaerwerk-krefeld.org\/wp-content\/uploads\/2025\/06\/klaerwerk-aussen-300x200.jpg 300w, https:\/\/location.klaerwerk-krefeld.org\/wp-content\/uploads\/2025\/06\/klaerwerk-aussen-768x512.jpg 768w, https:\/\/location.klaerwerk-krefeld.org\/wp-content\/uploads\/2025\/06\/klaerwerk-aussen-1536x1024.jpg 1536w, https:\/\/location.klaerwerk-krefeld.org\/wp-content\/uploads\/2025\/06\/klaerwerk-aussen-2048x1365.jpg 2048w\" sizes=\"auto, (max-width: 767px) 89vw, (max-width: 1000px) 54vw, (max-width: 1071px) 543px, 580px\" \/><button\n\t\t\tclass=\"lightbox-trigger\"\n\t\t\ttype=\"button\"\n\t\t\taria-haspopup=\"dialog\"\n\t\t\taria-label=\"Vergr\u00f6\u00dfern\"\n\t\t\tdata-wp-init=\"callbacks.initTriggerButton\"\n\t\t\tdata-wp-on--click=\"actions.showLightbox\"\n\t\t\tdata-wp-style--right=\"state.imageButtonRight\"\n\t\t\tdata-wp-style--top=\"state.imageButtonTop\"\n\t\t>\n\t\t\t<svg xmlns=\"http:\/\/www.w3.org\/2000\/svg\" width=\"12\" height=\"12\" fill=\"none\" viewBox=\"0 0 12 12\">\n\t\t\t\t<path fill=\"#fff\" d=\"M2 0a2 2 0 0 0-2 2v2h1.5V2a.5.5 0 0 1 .5-.5h2V0H2Zm2 10.5H2a.5.5 0 0 1-.5-.5V8H0v2a2 2 0 0 0 2 2h2v-1.5ZM8 12v-1.5h2a.5.5 0 0 0 .5-.5V8H12v2a2 2 0 0 1-2 2H8Zm2-12a2 2 0 0 1 2 2v2h-1.5V2a.5.5 0 0 0-.5-.5H8V0h2Z\" \/>\n\t\t\t<\/svg>\n\t\t<\/button><\/figure>\n\n\n\n<h2 class=\"wp-block-heading\"><strong>Eventlocation<\/strong> <strong>mieten<\/strong><\/h2>\n\n\n\n<p>Ob private Feier, Firmenevent, oder Kulturveranstaltung \u2013 Sie k\u00f6nnen das historische Kl\u00e4rwerk als au\u00dfergew\u00f6hnliche\u00a0Eventlocation\u00a0gerne mieten. Lassen Sie sich von der einzigartigen Atmosph\u00e4re inspirieren und planen Sie Ihr eigenes Event in diesem besonderen Industriedenkmal.<\/p>\n\n\n\n<div class=\"wp-block-buttons is-layout-flex wp-block-buttons-is-layout-flex\">\n<div class=\"wp-block-button\"><a class=\"wp-block-button__link has-white-color has-vivid-cyan-blue-background-color has-text-color has-background has-link-color wp-element-button\" href=\"https:\/\/www.querfeldeins.org\/angebot_klaerwerk.php?products_id=202541\" style=\"border-radius:9px\">Anfragen<\/a><\/div>\n<\/div>\n\n\n\n<figure class=\"wp-block-gallery has-nested-images columns-default is-cropped wp-block-gallery-1 is-layout-flex wp-block-gallery-is-layout-flex\">\n<figure data-wp-context=\"{&quot;imageId&quot;:&quot;69fb23054f29c&quot;}\" data-wp-interactive=\"core\/image\" data-wp-key=\"69fb23054f29c\" class=\"wp-block-image size-large wp-lightbox-container\"><img loading=\"lazy\" decoding=\"async\" width=\"1024\" height=\"614\" data-wp-class--hide=\"state.isContentHidden\" data-wp-class--show=\"state.isContentVisible\" data-wp-init=\"callbacks.setButtonStyles\" data-wp-on--click=\"actions.showLightbox\" data-wp-on--load=\"callbacks.setButtonStyles\" data-wp-on-window--resize=\"callbacks.setButtonStyles\" data-id=\"103\" src=\"https:\/\/location.klaerwerk-krefeld.org\/wp-content\/uploads\/2023\/11\/cropped-IMG_7321-scaled-1-1024x614.jpeg\" alt=\"\" class=\"wp-image-103\" srcset=\"https:\/\/location.klaerwerk-krefeld.org\/wp-content\/uploads\/2023\/11\/cropped-IMG_7321-scaled-1-1024x614.jpeg 1024w, https:\/\/location.klaerwerk-krefeld.org\/wp-content\/uploads\/2023\/11\/cropped-IMG_7321-scaled-1-300x180.jpeg 300w, https:\/\/location.klaerwerk-krefeld.org\/wp-content\/uploads\/2023\/11\/cropped-IMG_7321-scaled-1-768x460.jpeg 768w, https:\/\/location.klaerwerk-krefeld.org\/wp-content\/uploads\/2023\/11\/cropped-IMG_7321-scaled-1-1536x921.jpeg 1536w, https:\/\/location.klaerwerk-krefeld.org\/wp-content\/uploads\/2023\/11\/cropped-IMG_7321-scaled-1.jpeg 2000w\" sizes=\"auto, (max-width: 767px) 89vw, (max-width: 1000px) 54vw, (max-width: 1071px) 543px, 580px\" \/><button\n\t\t\tclass=\"lightbox-trigger\"\n\t\t\ttype=\"button\"\n\t\t\taria-haspopup=\"dialog\"\n\t\t\taria-label=\"Vergr\u00f6\u00dfern\"\n\t\t\tdata-wp-init=\"callbacks.initTriggerButton\"\n\t\t\tdata-wp-on--click=\"actions.showLightbox\"\n\t\t\tdata-wp-style--right=\"state.imageButtonRight\"\n\t\t\tdata-wp-style--top=\"state.imageButtonTop\"\n\t\t>\n\t\t\t<svg xmlns=\"http:\/\/www.w3.org\/2000\/svg\" width=\"12\" height=\"12\" fill=\"none\" viewBox=\"0 0 12 12\">\n\t\t\t\t<path fill=\"#fff\" d=\"M2 0a2 2 0 0 0-2 2v2h1.5V2a.5.5 0 0 1 .5-.5h2V0H2Zm2 10.5H2a.5.5 0 0 1-.5-.5V8H0v2a2 2 0 0 0 2 2h2v-1.5ZM8 12v-1.5h2a.5.5 0 0 0 .5-.5V8H12v2a2 2 0 0 1-2 2H8Zm2-12a2 2 0 0 1 2 2v2h-1.5V2a.5.5 0 0 0-.5-.5H8V0h2Z\" \/>\n\t\t\t<\/svg>\n\t\t<\/button><\/figure>\n\n\n\n<figure data-wp-context=\"{&quot;imageId&quot;:&quot;69fb23054fd30&quot;}\" data-wp-interactive=\"core\/image\" data-wp-key=\"69fb23054fd30\" class=\"wp-block-image size-large wp-lightbox-container\"><img loading=\"lazy\" decoding=\"async\" width=\"1024\" height=\"768\" data-wp-class--hide=\"state.isContentHidden\" data-wp-class--show=\"state.isContentVisible\" data-wp-init=\"callbacks.setButtonStyles\" data-wp-on--click=\"actions.showLightbox\" data-wp-on--load=\"callbacks.setButtonStyles\" data-wp-on-window--resize=\"callbacks.setButtonStyles\" data-id=\"174\" src=\"https:\/\/location.klaerwerk-krefeld.org\/wp-content\/uploads\/2023\/11\/IMG_6045-scaled-1024x768.jpeg\" alt=\"\" class=\"wp-image-174\" srcset=\"https:\/\/location.klaerwerk-krefeld.org\/wp-content\/uploads\/2023\/11\/IMG_6045-scaled-1024x768.jpeg 1024w, https:\/\/location.klaerwerk-krefeld.org\/wp-content\/uploads\/2023\/11\/IMG_6045-scaled-300x225.jpeg 300w, https:\/\/location.klaerwerk-krefeld.org\/wp-content\/uploads\/2023\/11\/IMG_6045-scaled-768x576.jpeg 768w, https:\/\/location.klaerwerk-krefeld.org\/wp-content\/uploads\/2023\/11\/IMG_6045-scaled-1536x1152.jpeg 1536w, https:\/\/location.klaerwerk-krefeld.org\/wp-content\/uploads\/2023\/11\/IMG_6045-scaled-2048x1536.jpeg 2048w\" sizes=\"auto, (max-width: 767px) 89vw, (max-width: 1000px) 54vw, (max-width: 1071px) 543px, 580px\" \/><button\n\t\t\tclass=\"lightbox-trigger\"\n\t\t\ttype=\"button\"\n\t\t\taria-haspopup=\"dialog\"\n\t\t\taria-label=\"Vergr\u00f6\u00dfern\"\n\t\t\tdata-wp-init=\"callbacks.initTriggerButton\"\n\t\t\tdata-wp-on--click=\"actions.showLightbox\"\n\t\t\tdata-wp-style--right=\"state.imageButtonRight\"\n\t\t\tdata-wp-style--top=\"state.imageButtonTop\"\n\t\t>\n\t\t\t<svg xmlns=\"http:\/\/www.w3.org\/2000\/svg\" width=\"12\" height=\"12\" fill=\"none\" viewBox=\"0 0 12 12\">\n\t\t\t\t<path fill=\"#fff\" d=\"M2 0a2 2 0 0 0-2 2v2h1.5V2a.5.5 0 0 1 .5-.5h2V0H2Zm2 10.5H2a.5.5 0 0 1-.5-.5V8H0v2a2 2 0 0 0 2 2h2v-1.5ZM8 12v-1.5h2a.5.5 0 0 0 .5-.5V8H12v2a2 2 0 0 1-2 2H8Zm2-12a2 2 0 0 1 2 2v2h-1.5V2a.5.5 0 0 0-.5-.5H8V0h2Z\" \/>\n\t\t\t<\/svg>\n\t\t<\/button><\/figure>\n\n\n\n<figure data-wp-context=\"{&quot;imageId&quot;:&quot;69fb23055043a&quot;}\" data-wp-interactive=\"core\/image\" data-wp-key=\"69fb23055043a\" class=\"wp-block-image size-full wp-lightbox-container\"><img loading=\"lazy\" decoding=\"async\" width=\"640\" height=\"960\" data-wp-class--hide=\"state.isContentHidden\" data-wp-class--show=\"state.isContentVisible\" data-wp-init=\"callbacks.setButtonStyles\" data-wp-on--click=\"actions.showLightbox\" data-wp-on--load=\"callbacks.setButtonStyles\" data-wp-on-window--resize=\"callbacks.setButtonStyles\" data-id=\"602\" src=\"https:\/\/location.klaerwerk-krefeld.org\/wp-content\/uploads\/2025\/04\/IMG_2694.jpg\" alt=\"\" class=\"wp-image-602\" srcset=\"https:\/\/location.klaerwerk-krefeld.org\/wp-content\/uploads\/2025\/04\/IMG_2694.jpg 640w, https:\/\/location.klaerwerk-krefeld.org\/wp-content\/uploads\/2025\/04\/IMG_2694-200x300.jpg 200w\" sizes=\"auto, (max-width: 640px) 100vw, 640px\" \/><button\n\t\t\tclass=\"lightbox-trigger\"\n\t\t\ttype=\"button\"\n\t\t\taria-haspopup=\"dialog\"\n\t\t\taria-label=\"Vergr\u00f6\u00dfern\"\n\t\t\tdata-wp-init=\"callbacks.initTriggerButton\"\n\t\t\tdata-wp-on--click=\"actions.showLightbox\"\n\t\t\tdata-wp-style--right=\"state.imageButtonRight\"\n\t\t\tdata-wp-style--top=\"state.imageButtonTop\"\n\t\t>\n\t\t\t<svg xmlns=\"http:\/\/www.w3.org\/2000\/svg\" width=\"12\" height=\"12\" fill=\"none\" viewBox=\"0 0 12 12\">\n\t\t\t\t<path fill=\"#fff\" d=\"M2 0a2 2 0 0 0-2 2v2h1.5V2a.5.5 0 0 1 .5-.5h2V0H2Zm2 10.5H2a.5.5 0 0 1-.5-.5V8H0v2a2 2 0 0 0 2 2h2v-1.5ZM8 12v-1.5h2a.5.5 0 0 0 .5-.5V8H12v2a2 2 0 0 1-2 2H8Zm2-12a2 2 0 0 1 2 2v2h-1.5V2a.5.5 0 0 0-.5-.5H8V0h2Z\" \/>\n\t\t\t<\/svg>\n\t\t<\/button><\/figure>\n\n\n\n<figure data-wp-context=\"{&quot;imageId&quot;:&quot;69fb2305507aa&quot;}\" data-wp-interactive=\"core\/image\" data-wp-key=\"69fb2305507aa\" class=\"wp-block-image size-large wp-lightbox-container\"><img loading=\"lazy\" decoding=\"async\" width=\"1024\" height=\"683\" data-wp-class--hide=\"state.isContentHidden\" data-wp-class--show=\"state.isContentVisible\" data-wp-init=\"callbacks.setButtonStyles\" data-wp-on--click=\"actions.showLightbox\" data-wp-on--load=\"callbacks.setButtonStyles\" data-wp-on-window--resize=\"callbacks.setButtonStyles\" data-id=\"682\" src=\"https:\/\/location.klaerwerk-krefeld.org\/wp-content\/uploads\/2025\/06\/klaerwerk-aussen-1024x683.jpg\" alt=\"\" class=\"wp-image-682\" srcset=\"https:\/\/location.klaerwerk-krefeld.org\/wp-content\/uploads\/2025\/06\/klaerwerk-aussen-1024x683.jpg 1024w, https:\/\/location.klaerwerk-krefeld.org\/wp-content\/uploads\/2025\/06\/klaerwerk-aussen-300x200.jpg 300w, https:\/\/location.klaerwerk-krefeld.org\/wp-content\/uploads\/2025\/06\/klaerwerk-aussen-768x512.jpg 768w, https:\/\/location.klaerwerk-krefeld.org\/wp-content\/uploads\/2025\/06\/klaerwerk-aussen-1536x1024.jpg 1536w, https:\/\/location.klaerwerk-krefeld.org\/wp-content\/uploads\/2025\/06\/klaerwerk-aussen-2048x1365.jpg 2048w\" sizes=\"auto, (max-width: 767px) 89vw, (max-width: 1000px) 54vw, (max-width: 1071px) 543px, 580px\" \/><button\n\t\t\tclass=\"lightbox-trigger\"\n\t\t\ttype=\"button\"\n\t\t\taria-haspopup=\"dialog\"\n\t\t\taria-label=\"Vergr\u00f6\u00dfern\"\n\t\t\tdata-wp-init=\"callbacks.initTriggerButton\"\n\t\t\tdata-wp-on--click=\"actions.showLightbox\"\n\t\t\tdata-wp-style--right=\"state.imageButtonRight\"\n\t\t\tdata-wp-style--top=\"state.imageButtonTop\"\n\t\t>\n\t\t\t<svg xmlns=\"http:\/\/www.w3.org\/2000\/svg\" width=\"12\" height=\"12\" fill=\"none\" viewBox=\"0 0 12 12\">\n\t\t\t\t<path fill=\"#fff\" d=\"M2 0a2 2 0 0 0-2 2v2h1.5V2a.5.5 0 0 1 .5-.5h2V0H2Zm2 10.5H2a.5.5 0 0 1-.5-.5V8H0v2a2 2 0 0 0 2 2h2v-1.5ZM8 12v-1.5h2a.5.5 0 0 0 .5-.5V8H12v2a2 2 0 0 1-2 2H8Zm2-12a2 2 0 0 1 2 2v2h-1.5V2a.5.5 0 0 0-.5-.5H8V0h2Z\" \/>\n\t\t\t<\/svg>\n\t\t<\/button><\/figure>\n\n\n\n<figure data-wp-context=\"{&quot;imageId&quot;:&quot;69fb230550e4d&quot;}\" data-wp-interactive=\"core\/image\" data-wp-key=\"69fb230550e4d\" class=\"wp-block-image size-large wp-lightbox-container\"><img loading=\"lazy\" decoding=\"async\" width=\"1024\" height=\"641\" data-wp-class--hide=\"state.isContentHidden\" data-wp-class--show=\"state.isContentVisible\" data-wp-init=\"callbacks.setButtonStyles\" data-wp-on--click=\"actions.showLightbox\" data-wp-on--load=\"callbacks.setButtonStyles\" data-wp-on-window--resize=\"callbacks.setButtonStyles\" data-id=\"705\" src=\"https:\/\/location.klaerwerk-krefeld.org\/wp-content\/uploads\/2025\/08\/IMG_4054-1024x641.jpeg\" alt=\"\" class=\"wp-image-705\" srcset=\"https:\/\/location.klaerwerk-krefeld.org\/wp-content\/uploads\/2025\/08\/IMG_4054-1024x641.jpeg 1024w, https:\/\/location.klaerwerk-krefeld.org\/wp-content\/uploads\/2025\/08\/IMG_4054-300x188.jpeg 300w, https:\/\/location.klaerwerk-krefeld.org\/wp-content\/uploads\/2025\/08\/IMG_4054-768x481.jpeg 768w, https:\/\/location.klaerwerk-krefeld.org\/wp-content\/uploads\/2025\/08\/IMG_4054-1536x962.jpeg 1536w, https:\/\/location.klaerwerk-krefeld.org\/wp-content\/uploads\/2025\/08\/IMG_4054.jpeg 1900w\" sizes=\"auto, (max-width: 767px) 89vw, (max-width: 1000px) 54vw, (max-width: 1071px) 543px, 580px\" \/><button\n\t\t\tclass=\"lightbox-trigger\"\n\t\t\ttype=\"button\"\n\t\t\taria-haspopup=\"dialog\"\n\t\t\taria-label=\"Vergr\u00f6\u00dfern\"\n\t\t\tdata-wp-init=\"callbacks.initTriggerButton\"\n\t\t\tdata-wp-on--click=\"actions.showLightbox\"\n\t\t\tdata-wp-style--right=\"state.imageButtonRight\"\n\t\t\tdata-wp-style--top=\"state.imageButtonTop\"\n\t\t>\n\t\t\t<svg xmlns=\"http:\/\/www.w3.org\/2000\/svg\" width=\"12\" height=\"12\" fill=\"none\" viewBox=\"0 0 12 12\">\n\t\t\t\t<path fill=\"#fff\" d=\"M2 0a2 2 0 0 0-2 2v2h1.5V2a.5.5 0 0 1 .5-.5h2V0H2Zm2 10.5H2a.5.5 0 0 1-.5-.5V8H0v2a2 2 0 0 0 2 2h2v-1.5ZM8 12v-1.5h2a.5.5 0 0 0 .5-.5V8H12v2a2 2 0 0 1-2 2H8Zm2-12a2 2 0 0 1 2 2v2h-1.5V2a.5.5 0 0 0-.5-.5H8V0h2Z\" \/>\n\t\t\t<\/svg>\n\t\t<\/button><\/figure>\n\n\n\n<figure data-wp-context=\"{&quot;imageId&quot;:&quot;69fb2305522d2&quot;}\" data-wp-interactive=\"core\/image\" data-wp-key=\"69fb2305522d2\" class=\"wp-block-image size-large wp-lightbox-container\"><img loading=\"lazy\" decoding=\"async\" width=\"1024\" height=\"680\" data-wp-class--hide=\"state.isContentHidden\" data-wp-class--show=\"state.isContentVisible\" data-wp-init=\"callbacks.setButtonStyles\" data-wp-on--click=\"actions.showLightbox\" data-wp-on--load=\"callbacks.setButtonStyles\" data-wp-on-window--resize=\"callbacks.setButtonStyles\" data-id=\"179\" src=\"https:\/\/location.klaerwerk-krefeld.org\/wp-content\/uploads\/2023\/11\/IMG_6851-1-1024x680.jpg\" alt=\"\" class=\"wp-image-179\" srcset=\"https:\/\/location.klaerwerk-krefeld.org\/wp-content\/uploads\/2023\/11\/IMG_6851-1-1024x680.jpg 1024w, https:\/\/location.klaerwerk-krefeld.org\/wp-content\/uploads\/2023\/11\/IMG_6851-1-300x199.jpg 300w, https:\/\/location.klaerwerk-krefeld.org\/wp-content\/uploads\/2023\/11\/IMG_6851-1-768x510.jpg 768w, https:\/\/location.klaerwerk-krefeld.org\/wp-content\/uploads\/2023\/11\/IMG_6851-1.jpg 1079w\" sizes=\"auto, (max-width: 767px) 89vw, (max-width: 1000px) 54vw, (max-width: 1071px) 543px, 580px\" \/><button\n\t\t\tclass=\"lightbox-trigger\"\n\t\t\ttype=\"button\"\n\t\t\taria-haspopup=\"dialog\"\n\t\t\taria-label=\"Vergr\u00f6\u00dfern\"\n\t\t\tdata-wp-init=\"callbacks.initTriggerButton\"\n\t\t\tdata-wp-on--click=\"actions.showLightbox\"\n\t\t\tdata-wp-style--right=\"state.imageButtonRight\"\n\t\t\tdata-wp-style--top=\"state.imageButtonTop\"\n\t\t>\n\t\t\t<svg xmlns=\"http:\/\/www.w3.org\/2000\/svg\" width=\"12\" height=\"12\" fill=\"none\" viewBox=\"0 0 12 12\">\n\t\t\t\t<path fill=\"#fff\" d=\"M2 0a2 2 0 0 0-2 2v2h1.5V2a.5.5 0 0 1 .5-.5h2V0H2Zm2 10.5H2a.5.5 0 0 1-.5-.5V8H0v2a2 2 0 0 0 2 2h2v-1.5ZM8 12v-1.5h2a.5.5 0 0 0 .5-.5V8H12v2a2 2 0 0 1-2 2H8Zm2-12a2 2 0 0 1 2 2v2h-1.5V2a.5.5 0 0 0-.5-.5H8V0h2Z\" \/>\n\t\t\t<\/svg>\n\t\t<\/button><\/figure>\n\n\n\n<figure data-wp-context=\"{&quot;imageId&quot;:&quot;69fb230554841&quot;}\" data-wp-interactive=\"core\/image\" data-wp-key=\"69fb230554841\" class=\"wp-block-image size-large wp-lightbox-container\"><img loading=\"lazy\" decoding=\"async\" width=\"1024\" height=\"768\" data-wp-class--hide=\"state.isContentHidden\" data-wp-class--show=\"state.isContentVisible\" data-wp-init=\"callbacks.setButtonStyles\" data-wp-on--click=\"actions.showLightbox\" data-wp-on--load=\"callbacks.setButtonStyles\" data-wp-on-window--resize=\"callbacks.setButtonStyles\" data-id=\"707\" src=\"https:\/\/location.klaerwerk-krefeld.org\/wp-content\/uploads\/2025\/08\/C5904029-8011-4450-9951-151981447C52-1024x768.jpeg\" alt=\"\" class=\"wp-image-707\" srcset=\"https:\/\/location.klaerwerk-krefeld.org\/wp-content\/uploads\/2025\/08\/C5904029-8011-4450-9951-151981447C52-1024x768.jpeg 1024w, https:\/\/location.klaerwerk-krefeld.org\/wp-content\/uploads\/2025\/08\/C5904029-8011-4450-9951-151981447C52-300x225.jpeg 300w, https:\/\/location.klaerwerk-krefeld.org\/wp-content\/uploads\/2025\/08\/C5904029-8011-4450-9951-151981447C52-768x576.jpeg 768w, https:\/\/location.klaerwerk-krefeld.org\/wp-content\/uploads\/2025\/08\/C5904029-8011-4450-9951-151981447C52-1536x1152.jpeg 1536w, https:\/\/location.klaerwerk-krefeld.org\/wp-content\/uploads\/2025\/08\/C5904029-8011-4450-9951-151981447C52.jpeg 2048w\" sizes=\"auto, (max-width: 767px) 89vw, (max-width: 1000px) 54vw, (max-width: 1071px) 543px, 580px\" \/><button\n\t\t\tclass=\"lightbox-trigger\"\n\t\t\ttype=\"button\"\n\t\t\taria-haspopup=\"dialog\"\n\t\t\taria-label=\"Vergr\u00f6\u00dfern\"\n\t\t\tdata-wp-init=\"callbacks.initTriggerButton\"\n\t\t\tdata-wp-on--click=\"actions.showLightbox\"\n\t\t\tdata-wp-style--right=\"state.imageButtonRight\"\n\t\t\tdata-wp-style--top=\"state.imageButtonTop\"\n\t\t>\n\t\t\t<svg xmlns=\"http:\/\/www.w3.org\/2000\/svg\" width=\"12\" height=\"12\" fill=\"none\" viewBox=\"0 0 12 12\">\n\t\t\t\t<path fill=\"#fff\" d=\"M2 0a2 2 0 0 0-2 2v2h1.5V2a.5.5 0 0 1 .5-.5h2V0H2Zm2 10.5H2a.5.5 0 0 1-.5-.5V8H0v2a2 2 0 0 0 2 2h2v-1.5ZM8 12v-1.5h2a.5.5 0 0 0 .5-.5V8H12v2a2 2 0 0 1-2 2H8Zm2-12a2 2 0 0 1 2 2v2h-1.5V2a.5.5 0 0 0-.5-.5H8V0h2Z\" \/>\n\t\t\t<\/svg>\n\t\t<\/button><\/figure>\n<\/figure>\n\n\n\n<h2 class=\"wp-block-heading\"><br>Ihre Veranstaltung im historischen Kl\u00e4rwerk<\/h2>\n\n\n\n<p><\/p>\n\n\n\n<p><a href=\"https:\/\/location.klaerwerk-krefeld.org\/index.php\/location-2\/\">EventLocation<\/a><\/p>\n\n\n\n<p><a href=\"https:\/\/location.klaerwerk-krefeld.org\/index.php\/vermietung\/\">Vermietung<\/a><\/p>\n\n\n\n<p><a href=\"https:\/\/location.klaerwerk-krefeld.org\/index.php\/vermietung-fuer-firmen-events\/\">Firmen- Events<\/a><\/p>\n\n\n\n<p><a href=\"https:\/\/location.klaerwerk-krefeld.org\/index.php\/foto-und-film\/\">Foto und Film<\/a><\/p>\n\n\n\n<p><a href=\"https:\/\/location.klaerwerk-krefeld.org\/index.php\/hochzeiten\/\">Hochzeitslocation<\/a><\/p>\n\n\n\n<p><a href=\"https:\/\/location.klaerwerk-krefeld.org\/index.php\/kulturelle-veranstaltungen\/\">Kulturelle Veranstaltungen<\/a><\/p>\n\n\n\n<p><a href=\"https:\/\/location.klaerwerk-krefeld.org\/index.php\/private-feiern\/\">Private Feiern, runde Geburtstage<\/a><\/p>\n\n\n\n<p><a href=\"https:\/\/location.klaerwerk-krefeld.org\/index.php\/technische-daten\/\">Technische Daten<\/a><\/p>\n\n\n\n<p><a href=\"https:\/\/location.klaerwerk-krefeld.org\/index.php\/foyer\/\">Raum: Foyer<\/a><\/p>\n\n\n\n<p><a href=\"https:\/\/location.klaerwerk-krefeld.org\/index.php\/klaerhalle\/\">Raum: Kl\u00e4rhalle<\/a><\/p>\n\n\n\n<p><a href=\"https:\/\/location.klaerwerk-krefeld.org\/index.php\/pumpenhalle\/\">Raum: Pumpenhalle<\/a><\/p>\n\n\n\n<p><a href=\"https:\/\/location.klaerwerk-krefeld.org\/index.php\/bestuhlungsplaene\/\">Bestuhlungspl\u00e4ne<\/a><\/p>\n\n\n\n<p><a href=\"https:\/\/location.klaerwerk-krefeld.org\/index.php\/kontakt-impressum\/\">Kontakt \/ Impressum<\/a><\/p>\n\n\n\n<div class=\"wp-block-senff-sticky-block\" data-topspace=\"0\" data-cfa=\"true\" data-minwidth=\"0\" data-maxwidth=\"99999\" data-pushup=\"\" data-zindex=\"1\"><\/div>\n\n\n\n<div class=\"wp-block-buttons is-layout-flex wp-block-buttons-is-layout-flex\">\n<div class=\"wp-block-button\"><a class=\"wp-block-button__link has-white-color has-vivid-cyan-blue-background-color has-text-color has-background has-link-color wp-element-button\" href=\"https:\/\/www.querfeldeins.org\/angebot_klaerwerk.php?products_id=202541\" style=\"border-radius:9px\">Anfragen<\/a><\/div>\n<\/div>\n","protected":false},"excerpt":{"rendered":"<p>Herzlich willkommen ! Einzigartige Location mit Geschichte Das&nbsp;historische Kl\u00e4rwerk in Krefeld&nbsp;ist ein Industriedenkmal von internationaler Bedeutung. Das Kl\u00e4rwerk wurde zwischen 1908-10 erbaut und z\u00e4hlt heute zu den \u00e4ltesten Beton-Hallenbauwerken der Welt, zudem ist es ist eine der \u00e4ltesten Kl\u00e4ranlagen, aus der Zeit als unsere St\u00e4dte modern wurden. Im organisch geformten Jugendstil ist es eine Wohltat &hellip; <\/p>\n<p class=\"link-more\"><a href=\"https:\/\/location.klaerwerk-krefeld.org\/\" class=\"more-link\"><span class=\"screen-reader-text\">\u201eHistorisches Kl\u00e4rwerk Krefeld \u2013 Industriedenkmal &amp; Eventlocation\u201c <\/span>weiterlesen<\/a><\/p>\n","protected":false},"author":1,"featured_media":682,"parent":0,"menu_order":0,"comment_status":"closed","ping_status":"closed","template":"","meta":{"footnotes":""},"class_list":["post-136","page","type-page","status-publish","has-post-thumbnail","hentry"],"_links":{"self":[{"href":"https:\/\/location.klaerwerk-krefeld.org\/index.php\/wp-json\/wp\/v2\/pages\/136","targetHints":{"allow":["GET"]}}],"collection":[{"href":"https:\/\/location.klaerwerk-krefeld.org\/index.php\/wp-json\/wp\/v2\/pages"}],"about":[{"href":"https:\/\/location.klaerwerk-krefeld.org\/index.php\/wp-json\/wp\/v2\/types\/page"}],"author":[{"embeddable":true,"href":"https:\/\/location.klaerwerk-krefeld.org\/index.php\/wp-json\/wp\/v2\/users\/1"}],"replies":[{"embeddable":true,"href":"https:\/\/location.klaerwerk-krefeld.org\/index.php\/wp-json\/wp\/v2\/comments?post=136"}],"version-history":[{"count":68,"href":"https:\/\/location.klaerwerk-krefeld.org\/index.php\/wp-json\/wp\/v2\/pages\/136\/revisions"}],"predecessor-version":[{"id":787,"href":"https:\/\/location.klaerwerk-krefeld.org\/index.php\/wp-json\/wp\/v2\/pages\/136\/revisions\/787"}],"wp:featuredmedia":[{"embeddable":true,"href":"https:\/\/location.klaerwerk-krefeld.org\/index.php\/wp-json\/wp\/v2\/media\/682"}],"wp:attachment":[{"href":"https:\/\/location.klaerwerk-krefeld.org\/index.php\/wp-json\/wp\/v2\/media?parent=136"}],"curies":[{"name":"wp","href":"https:\/\/api.w.org\/{rel}","templated":true}]}}