{"id":374,"date":"2023-12-08T11:04:11","date_gmt":"2023-12-08T10:04:11","guid":{"rendered":"https:\/\/location.klaerwerk-krefeld.org\/?page_id=374"},"modified":"2024-11-17T09:33:35","modified_gmt":"2024-11-17T08:33:35","slug":"foto-und-film","status":"publish","type":"page","link":"https:\/\/location.klaerwerk-krefeld.org\/index.php\/foto-und-film\/","title":{"rendered":"Foto und Film"},"content":{"rendered":"\n<figure class=\"wp-block-gallery has-nested-images columns-default is-cropped wp-block-gallery-1 is-layout-flex wp-block-gallery-is-layout-flex\">\n<figure class=\"wp-block-image size-large\"><a href=\"https:\/\/location.klaerwerk-krefeld.org\/wp-content\/uploads\/2023\/12\/IMG_8133.jpeg\"><img loading=\"lazy\" decoding=\"async\" width=\"1024\" height=\"640\" data-id=\"430\" src=\"https:\/\/location.klaerwerk-krefeld.org\/wp-content\/uploads\/2023\/12\/IMG_8133-1024x640.jpeg\" alt=\"\" class=\"wp-image-430\" srcset=\"https:\/\/location.klaerwerk-krefeld.org\/wp-content\/uploads\/2023\/12\/IMG_8133-1024x640.jpeg 1024w, https:\/\/location.klaerwerk-krefeld.org\/wp-content\/uploads\/2023\/12\/IMG_8133-300x188.jpeg 300w, https:\/\/location.klaerwerk-krefeld.org\/wp-content\/uploads\/2023\/12\/IMG_8133-768x480.jpeg 768w, https:\/\/location.klaerwerk-krefeld.org\/wp-content\/uploads\/2023\/12\/IMG_8133-1536x960.jpeg 1536w, https:\/\/location.klaerwerk-krefeld.org\/wp-content\/uploads\/2023\/12\/IMG_8133.jpeg 1840w\" sizes=\"auto, (max-width: 767px) 89vw, (max-width: 1000px) 54vw, (max-width: 1071px) 543px, 580px\" \/><\/a><\/figure>\n\n\n\n<figure class=\"wp-block-image size-large\"><a href=\"https:\/\/location.klaerwerk-krefeld.org\/wp-content\/uploads\/2023\/12\/IMG_9878-scaled.jpeg\"><img loading=\"lazy\" decoding=\"async\" width=\"1024\" height=\"768\" data-id=\"429\" src=\"https:\/\/location.klaerwerk-krefeld.org\/wp-content\/uploads\/2023\/12\/IMG_9878-1024x768.jpeg\" alt=\"\" class=\"wp-image-429\" srcset=\"https:\/\/location.klaerwerk-krefeld.org\/wp-content\/uploads\/2023\/12\/IMG_9878-1024x768.jpeg 1024w, https:\/\/location.klaerwerk-krefeld.org\/wp-content\/uploads\/2023\/12\/IMG_9878-300x225.jpeg 300w, https:\/\/location.klaerwerk-krefeld.org\/wp-content\/uploads\/2023\/12\/IMG_9878-768x576.jpeg 768w, https:\/\/location.klaerwerk-krefeld.org\/wp-content\/uploads\/2023\/12\/IMG_9878-1536x1152.jpeg 1536w, https:\/\/location.klaerwerk-krefeld.org\/wp-content\/uploads\/2023\/12\/IMG_9878-2048x1536.jpeg 2048w\" sizes=\"auto, (max-width: 767px) 89vw, (max-width: 1000px) 54vw, (max-width: 1071px) 543px, 580px\" \/><\/a><\/figure>\n\n\n\n<figure class=\"wp-block-image size-large\"><a href=\"https:\/\/location.klaerwerk-krefeld.org\/wp-content\/uploads\/2023\/12\/IMG_9871-scaled.jpeg\"><img loading=\"lazy\" decoding=\"async\" width=\"1024\" height=\"768\" data-id=\"428\" src=\"https:\/\/location.klaerwerk-krefeld.org\/wp-content\/uploads\/2023\/12\/IMG_9871-1024x768.jpeg\" alt=\"\" class=\"wp-image-428\" srcset=\"https:\/\/location.klaerwerk-krefeld.org\/wp-content\/uploads\/2023\/12\/IMG_9871-1024x768.jpeg 1024w, https:\/\/location.klaerwerk-krefeld.org\/wp-content\/uploads\/2023\/12\/IMG_9871-300x225.jpeg 300w, https:\/\/location.klaerwerk-krefeld.org\/wp-content\/uploads\/2023\/12\/IMG_9871-768x576.jpeg 768w, https:\/\/location.klaerwerk-krefeld.org\/wp-content\/uploads\/2023\/12\/IMG_9871-1536x1152.jpeg 1536w, https:\/\/location.klaerwerk-krefeld.org\/wp-content\/uploads\/2023\/12\/IMG_9871-2048x1536.jpeg 2048w\" sizes=\"auto, (max-width: 767px) 89vw, (max-width: 1000px) 54vw, (max-width: 1071px) 543px, 580px\" \/><\/a><\/figure>\n\n\n\n<figure class=\"wp-block-image size-large\"><a href=\"https:\/\/location.klaerwerk-krefeld.org\/wp-content\/uploads\/2023\/12\/IMG_9864-scaled.jpeg\"><img loading=\"lazy\" decoding=\"async\" width=\"1024\" height=\"768\" data-id=\"427\" src=\"https:\/\/location.klaerwerk-krefeld.org\/wp-content\/uploads\/2023\/12\/IMG_9864-1024x768.jpeg\" alt=\"\" class=\"wp-image-427\" srcset=\"https:\/\/location.klaerwerk-krefeld.org\/wp-content\/uploads\/2023\/12\/IMG_9864-1024x768.jpeg 1024w, https:\/\/location.klaerwerk-krefeld.org\/wp-content\/uploads\/2023\/12\/IMG_9864-300x225.jpeg 300w, https:\/\/location.klaerwerk-krefeld.org\/wp-content\/uploads\/2023\/12\/IMG_9864-768x576.jpeg 768w, https:\/\/location.klaerwerk-krefeld.org\/wp-content\/uploads\/2023\/12\/IMG_9864-1536x1152.jpeg 1536w, https:\/\/location.klaerwerk-krefeld.org\/wp-content\/uploads\/2023\/12\/IMG_9864-2048x1536.jpeg 2048w\" sizes=\"auto, (max-width: 767px) 89vw, (max-width: 1000px) 54vw, (max-width: 1071px) 543px, 580px\" \/><\/a><\/figure>\n\n\n\n<figure class=\"wp-block-image size-large\"><a href=\"https:\/\/location.klaerwerk-krefeld.org\/wp-content\/uploads\/2023\/12\/IMG_9856-scaled.jpeg\"><img loading=\"lazy\" decoding=\"async\" width=\"1024\" height=\"768\" data-id=\"426\" src=\"https:\/\/location.klaerwerk-krefeld.org\/wp-content\/uploads\/2023\/12\/IMG_9856-1024x768.jpeg\" alt=\"\" class=\"wp-image-426\" srcset=\"https:\/\/location.klaerwerk-krefeld.org\/wp-content\/uploads\/2023\/12\/IMG_9856-1024x768.jpeg 1024w, https:\/\/location.klaerwerk-krefeld.org\/wp-content\/uploads\/2023\/12\/IMG_9856-300x225.jpeg 300w, https:\/\/location.klaerwerk-krefeld.org\/wp-content\/uploads\/2023\/12\/IMG_9856-768x576.jpeg 768w, https:\/\/location.klaerwerk-krefeld.org\/wp-content\/uploads\/2023\/12\/IMG_9856-1536x1152.jpeg 1536w, https:\/\/location.klaerwerk-krefeld.org\/wp-content\/uploads\/2023\/12\/IMG_9856-2048x1536.jpeg 2048w\" sizes=\"auto, (max-width: 767px) 89vw, (max-width: 1000px) 54vw, (max-width: 1071px) 543px, 580px\" \/><\/a><\/figure>\n\n\n\n<figure class=\"wp-block-image size-large\"><a href=\"https:\/\/location.klaerwerk-krefeld.org\/wp-content\/uploads\/2023\/12\/IMG_9839-scaled.jpeg\"><img loading=\"lazy\" decoding=\"async\" width=\"1024\" height=\"768\" data-id=\"425\" src=\"https:\/\/location.klaerwerk-krefeld.org\/wp-content\/uploads\/2023\/12\/IMG_9839-1024x768.jpeg\" alt=\"\" class=\"wp-image-425\" srcset=\"https:\/\/location.klaerwerk-krefeld.org\/wp-content\/uploads\/2023\/12\/IMG_9839-1024x768.jpeg 1024w, https:\/\/location.klaerwerk-krefeld.org\/wp-content\/uploads\/2023\/12\/IMG_9839-300x225.jpeg 300w, https:\/\/location.klaerwerk-krefeld.org\/wp-content\/uploads\/2023\/12\/IMG_9839-768x576.jpeg 768w, https:\/\/location.klaerwerk-krefeld.org\/wp-content\/uploads\/2023\/12\/IMG_9839-1536x1152.jpeg 1536w, https:\/\/location.klaerwerk-krefeld.org\/wp-content\/uploads\/2023\/12\/IMG_9839-2048x1536.jpeg 2048w\" sizes=\"auto, (max-width: 767px) 89vw, (max-width: 1000px) 54vw, (max-width: 1071px) 543px, 580px\" \/><\/a><\/figure>\n<\/figure>\n\n\n\n<p>Das Kl\u00e4rwerk war einer der Drehorte der Fernsehserie Babylon Berlin, siehe auch <a href=\"https:\/\/www.klaerwerk-krefeld.org\/index.php\/das-klaerwerk-als-filmlocation-fuer-babylon-berlin\/\">hier<\/a><\/p>\n\n\n\n<h2 class=\"wp-block-heading\">Drehort<\/h2>\n\n\n\n<h3 class=\"wp-block-heading\"><strong>Das Kl\u00e4rwerk kann als <\/strong><\/h3>\n\n\n\n<p><strong>Drehort \/ Location <\/strong><br><strong>f\u00fcr Film- und Foto- Produktionen genutzt werden. <\/strong><\/p>\n\n\n\n<h4 class=\"wp-block-heading\">Regelungen:<\/h4>\n\n\n\n<p>1. Brauche ich eine Genehmigung?<\/p>\n\n\n\n<p class=\"has-vivid-green-cyan-color has-text-color has-link-color wp-elements-190807c83dbba18f053f43163c693c68\">1.1 F\u00fcr ihre <strong>privaten<\/strong> Foto- und Filmaufnahmen mit dem Handy <strong>w\u00e4hrend \u00f6ffentlicher Veranstaltungen<\/strong> ben\u00f6tigen Sie <strong>keine<\/strong> <strong>Genehmigung<\/strong>. Sie k\u00f6nnen diese Aufnahmen auch in Social Media Plattformen verbreiten. Auch bei F\u00fchrungen durch das Haus darf gerne \u201enebenbei\u201c fotografiert werden, solange die F\u00fchrung nicht durch die Fotoaufnahmen beeintr\u00e4chtigt wird. <\/p>\n\n\n\n<p>1.2 <strong>Die Presse ben\u00f6tigt keine Genehmigungen. <\/strong><\/p>\n\n\n\n<p class=\"has-vivid-red-color has-text-color has-link-color wp-elements-628933d4e950f2e784cfc0c07b201bc3\">1.3. <strong>Fotogruppen und auch einzelne Fotografen mit semi- oder professioneller- Ausr\u00fcstung, eine Ver\u00f6ffentlichung auf allen Medien, ausgenommen Social Media Plattformen, ben\u00f6tigen eine Genehmigung.  <\/strong><\/p>\n\n\n\n<p>1.4. Alle privaten Foto- und Filmaufnahmen d\u00fcrfen ausschlie\u00dflich <strong>privat genutzt <\/strong>werden<strong>, <\/strong>eine<strong> kommerzielle Nutzung <\/strong>ist<strong> untersagt<\/strong>.<\/p>\n\n\n\n<p>1.5 Exklusive Termine\u00a0(f\u00fcr private Aufnahmen, auch von Fotografengruppen)\u00a0sind m\u00f6glich, m\u00fcssen angefragt werden und die Kosten liegen aufgrund des Aufwands bei pauschal bei 150\u20ac zzgl. 20\u20ac per Person.\u00a0<\/p>\n\n\n\n<p>2. <strong>Aufnahmen unterliegen dem sogenannten Property Release<\/strong>, das Kl\u00e4rwerk ist kein \u00f6ffentlicher Raum. Ein Property Release ist eine Fotografiererlaubnis f\u00fcr das Fotografieren von Geb\u00e4uden. Das Geb\u00e4ude (und Grundst\u00fcck) geh\u00f6rt, wie ihr pers\u00f6nliches eigenes Wohnzimmer, privaten Eigent\u00fcmern. Diese k\u00f6nnen daher Aufnahmen und Ver\u00f6ffentlichungen genehmigen, oder (in einzelnen F\u00e4llen) auch ablehnen.<\/p>\n\n\n\n<h4 class=\"wp-block-heading\">3. Brauche ich f\u00fcr eine Ver\u00f6ffentlichung eine Genehmigung?<\/h4>\n\n\n\n<p>F\u00fcr gewerbliche, professionelle und auch semiprofessionelle Projekte ist eine Genehmigung erforderlich. Agenturen, professionelle Fotografen, Firmen, gewerbliche Fotokurse, Fotoshooting mit Modellen, Influencer, YouTuber, Fotoshootings (z.B. f\u00fcr Bands etc.) ben\u00f6tigen immer eine Genehmigung. F\u00fcr Fotoworkshops \/ Kurse ist eine Genehmigung erforderlich.<\/p>\n\n\n\n<p>Dies gilt auch f\u00fcr alle Projekte, die das auf dem Gel\u00e4nde entstandene Material zu irgendeinem Zeitpunkt zu Werbezwecken ver\u00f6ffentlichen m\u00f6chten, z.B. in Werbekampagnen, Flyern, Kalendern, Postern, Postkarten, B\u00fcchern etc.<\/p>\n\n\n\n<p class=\"has-vivid-green-cyan-color has-text-color has-link-color wp-elements-d0e0b1554e442cd218c7ee5df4f40a70\"><strong>Die Presse ben\u00f6tigt keine Genehmigungen. <\/strong><\/p>\n\n\n\n<h4 class=\"wp-block-heading\">4. Darf ich im Kl\u00e4rwerk und auf dem Gel\u00e4nde des Kl\u00e4rwerks mit einem unbemannten Flugsystem (Drohne) fotografieren bzw. filmen?<\/h4>\n\n\n\n<p>Nur mit Genehmigung.<\/p>\n\n\n\n<h4 class=\"wp-block-heading\">5. Muss ich f\u00fcr eine Foto- oder Drehgenehmigung bezahlen?<\/h4>\n\n\n\n<p>Foto-, Dreh-, und auch Ver\u00f6ffentlichungs-Genehmigungen sind manchmal kostenpflichtig. Die Erl\u00f6se werden im Rahmen der Instandsetzungsarbeiten und f\u00fcr den Erhalt des Hauses eingesetzt. <\/p>\n\n\n\n<p>Eventuelle Kosten k\u00f6nnen nur veranschlagt werden, wenn Sie uns bei ihrer Anfrage gut erkl\u00e4ren, was, wof\u00fcr und durch wen bildlich festgehalten werden soll und ob die Aufnahmen das Kl\u00e4rwerk in digitaler Form erh\u00e4lt und diese hier und in allen Medien uneingeschr\u00e4nkt weiterverwendet werden k\u00f6nnen. <\/p>\n\n\n\n<p>6. Genehmigungen und Anfragen bed\u00fcrfen der <strong>Schriftform<\/strong> (sehr gerne per Email)<\/p>\n\n\n\n<p><strong>Weitere Fragen:<\/strong><\/p>\n\n\n\n<p>Sie haben noch eine Frage? Das Kl\u00e4rwerk-Team steht Ihnen gerne bei allen Fragen rund um Ihr Projekt zur Seite. <a href=\"mailto:location@klaerwerk-krefeld.org\">location@klaerwerk-krefeld.org<\/a><\/p>\n\n\n\n<hr class=\"wp-block-separator has-alpha-channel-opacity\"\/>\n","protected":false},"excerpt":{"rendered":"<p>Das Kl\u00e4rwerk war einer der Drehorte der Fernsehserie Babylon Berlin, siehe auch hier Drehort Das Kl\u00e4rwerk kann als Drehort \/ Location f\u00fcr Film- und Foto- Produktionen genutzt werden. Regelungen: 1. Brauche ich eine Genehmigung? 1.1 F\u00fcr ihre privaten Foto- und Filmaufnahmen mit dem Handy w\u00e4hrend \u00f6ffentlicher Veranstaltungen ben\u00f6tigen Sie keine Genehmigung. Sie k\u00f6nnen diese Aufnahmen &hellip; <\/p>\n<p class=\"link-more\"><a href=\"https:\/\/location.klaerwerk-krefeld.org\/index.php\/foto-und-film\/\" class=\"more-link\"><span class=\"screen-reader-text\">\u201eFoto und Film\u201c <\/span>weiterlesen<\/a><\/p>\n","protected":false},"author":1,"featured_media":402,"parent":0,"menu_order":0,"comment_status":"closed","ping_status":"closed","template":"","meta":{"footnotes":""},"class_list":["post-374","page","type-page","status-publish","has-post-thumbnail","hentry"],"_links":{"self":[{"href":"https:\/\/location.klaerwerk-krefeld.org\/index.php\/wp-json\/wp\/v2\/pages\/374","targetHints":{"allow":["GET"]}}],"collection":[{"href":"https:\/\/location.klaerwerk-krefeld.org\/index.php\/wp-json\/wp\/v2\/pages"}],"about":[{"href":"https:\/\/location.klaerwerk-krefeld.org\/index.php\/wp-json\/wp\/v2\/types\/page"}],"author":[{"embeddable":true,"href":"https:\/\/location.klaerwerk-krefeld.org\/index.php\/wp-json\/wp\/v2\/users\/1"}],"replies":[{"embeddable":true,"href":"https:\/\/location.klaerwerk-krefeld.org\/index.php\/wp-json\/wp\/v2\/comments?post=374"}],"version-history":[{"count":38,"href":"https:\/\/location.klaerwerk-krefeld.org\/index.php\/wp-json\/wp\/v2\/pages\/374\/revisions"}],"predecessor-version":[{"id":544,"href":"https:\/\/location.klaerwerk-krefeld.org\/index.php\/wp-json\/wp\/v2\/pages\/374\/revisions\/544"}],"wp:featuredmedia":[{"embeddable":true,"href":"https:\/\/location.klaerwerk-krefeld.org\/index.php\/wp-json\/wp\/v2\/media\/402"}],"wp:attachment":[{"href":"https:\/\/location.klaerwerk-krefeld.org\/index.php\/wp-json\/wp\/v2\/media?parent=374"}],"curies":[{"name":"wp","href":"https:\/\/api.w.org\/{rel}","templated":true}]}}