{"id":375,"date":"2023-12-08T11:04:11","date_gmt":"2023-12-08T10:04:11","guid":{"rendered":"https:\/\/location.klaerwerk-krefeld.org\/?page_id=375"},"modified":"2025-12-03T19:48:16","modified_gmt":"2025-12-03T18:48:16","slug":"vermietung","status":"publish","type":"page","link":"https:\/\/location.klaerwerk-krefeld.org\/index.php\/vermietung\/","title":{"rendered":"Vermietung"},"content":{"rendered":"<p><div class=\"leaflet-map WPLeafletMap\" style=\"height:250px; width:100%;\"><\/div><script>\nwindow.WPLeafletMapPlugin = window.WPLeafletMapPlugin || [];\nwindow.WPLeafletMapPlugin.push(function WPLeafletMapShortcode() {\/*<script>*\/\nvar baseUrl = atob('aHR0cHM6Ly90aWxlLm9wZW5zdHJlZXRtYXAub3JnL3t6fS97eH0ve3l9LnBuZw==');\nvar base = (!baseUrl && window.MQ) ?\n    window.MQ.mapLayer() : L.tileLayer(baseUrl,\n        L.Util.extend({}, {\n            detectRetina: 0,\n        },\n        {\"subdomains\":\"abc\",\"noWrap\":false,\"maxZoom\":19}        )\n    );\n    var options = L.Util.extend({}, {\n        layers: [base],\n        attributionControl: false\n    },\n    {\"zoomControl\":true,\"scrollWheelZoom\":true,\"doubleClickZoom\":false,\"fitBounds\":false,\"minZoom\":0,\"maxZoom\":19,\"maxBounds\":null,\"attribution\":\"<a href=\\\"http:\\\/\\\/leafletjs.com\\\" title=\\\"Eine Javascript-Bibliothek f\\u00fcr interaktive Karten\\\">Leaflet<\\\/a>; \\u00a9 <a href=\\\"http:\\\/\\\/www.openstreetmap.org\\\/copyright\\\">OpenStreetMap<\\\/a> Mitwirkende\"},\n    {});\nwindow.WPLeafletMapPlugin.createMap(options).setView([51.3474264,6.6381605],8);});<\/script><br \/>\n<script>\nwindow.WPLeafletMapPlugin = window.WPLeafletMapPlugin || [];\nwindow.WPLeafletMapPlugin.push(function WPLeafletMarkerShortcode() {\/*<script>*\/\nvar map = window.WPLeafletMapPlugin.getCurrentMap();\nvar group = window.WPLeafletMapPlugin.getCurrentGroup();\nvar marker_options = window.WPLeafletMapPlugin.getIconOptions({\"svg\":true,\"background\":\"#777\",\"iconClass\":\"dashicons dashicons-star-filled\",\"color\":\"gold\"});\nvar marker = new L.SVGMarker(\n    [0,0],\n    marker_options\n);\nvar is_image = map.is_image_map;\n    marker.setLatLng( map.getCenter() );\nif (marker_options.draggable) {\n    marker.on('dragend', function () {\n        var latlng = this.getLatLng();\n        var lat = latlng.lat;\n        var lng = latlng.lng;\n        if (is_image) {\n            console.log('leaflet-marker y=' + lat + ' x=' + lng);\n        } else {\n            console.log('leaflet-marker lat=' + lat + ' lng=' + lng);\n        }\n    });\n}\nmarker.addTo( group );\nmarker.bindPopup(window.WPLeafletMapPlugin.unescape('historisches Kl\u00e4rwerk'));window.WPLeafletMapPlugin.markers.push( marker );\n        });<\/script><\/p>\n\n\n\n<p>Das Kl\u00e4rwerk liegt in Krefeld Uerdingen, <br>zwischen dem Ruhrgebiet und D\u00fcsseldorf in Nordrhein-Westfalen, <\/p>\n\n\n\n<p><\/p>\n\n\n\n<p>\u00dcber das <a href=\"https:\/\/location.klaerwerk-krefeld.org\/index.php\/location\/\">Kl\u00e4rwerk<\/a><\/p>\n\n\n\n<p>Die <a href=\"https:\/\/location.klaerwerk-krefeld.org\/index.php\/location-2\/\">Event-Location<\/a> <\/p>\n\n\n\n<p><a href=\"https:\/\/location.klaerwerk-krefeld.org\/index.php\/vermietung-fuer-firmen-events\/\">Ihr Firmen- Event \/ Tagungen, Offsites und Events<\/a><\/p>\n\n\n\n<p><a href=\"https:\/\/location.klaerwerk-krefeld.org\/index.php\/foto-und-film\/\">Foto und Film<\/a><\/p>\n\n\n\n<p><a href=\"https:\/\/location.klaerwerk-krefeld.org\/index.php\/hochzeiten\/\">Hochzeitslocation<\/a><\/p>\n\n\n\n<p><a href=\"https:\/\/location.klaerwerk-krefeld.org\/index.php\/kulturelle-veranstaltungen\/\">Kulturelle Veranstaltungen<\/a><\/p>\n\n\n\n<p><a href=\"https:\/\/location.klaerwerk-krefeld.org\/index.php\/private-feiern\/\">Private Feiern<\/a><\/p>\n\n\n\n<p><a href=\"https:\/\/location.klaerwerk-krefeld.org\/index.php\/technische-daten\/\">Technische Daten<\/a><\/p>\n\n\n\n<p><a href=\"https:\/\/location.klaerwerk-krefeld.org\/index.php\/foyer\/\">Raum: Foyer<\/a><\/p>\n\n\n\n<p><a href=\"https:\/\/location.klaerwerk-krefeld.org\/index.php\/klaerhalle\/\">Raum: Kl\u00e4rhalle<\/a><\/p>\n\n\n\n<p><a href=\"https:\/\/location.klaerwerk-krefeld.org\/index.php\/pumpenhalle\/\">Raum: Pumpenhalle<\/a><\/p>\n\n\n\n<p><a href=\"https:\/\/location.klaerwerk-krefeld.org\/index.php\/bestuhlungsplaene\/\">Bestuhlungspl\u00e4ne<\/a><\/p>\n\n\n\n<p><a href=\"https:\/\/location.klaerwerk-krefeld.org\/index.php\/kontakt-impressum\/\">Kontakt \/ Impressum<\/a><\/p>\n","protected":false},"excerpt":{"rendered":"<p>Das Kl\u00e4rwerk liegt in Krefeld Uerdingen, zwischen dem Ruhrgebiet und D\u00fcsseldorf in Nordrhein-Westfalen, \u00dcber das Kl\u00e4rwerk Die Event-Location Ihr Firmen- Event \/ Tagungen, Offsites und Events Foto und Film Hochzeitslocation Kulturelle Veranstaltungen Private Feiern Technische Daten Raum: Foyer Raum: Kl\u00e4rhalle Raum: Pumpenhalle Bestuhlungspl\u00e4ne Kontakt \/ Impressum<\/p>\n","protected":false},"author":1,"featured_media":0,"parent":0,"menu_order":0,"comment_status":"closed","ping_status":"closed","template":"","meta":{"footnotes":""},"class_list":["post-375","page","type-page","status-publish","hentry"],"_links":{"self":[{"href":"https:\/\/location.klaerwerk-krefeld.org\/index.php\/wp-json\/wp\/v2\/pages\/375","targetHints":{"allow":["GET"]}}],"collection":[{"href":"https:\/\/location.klaerwerk-krefeld.org\/index.php\/wp-json\/wp\/v2\/pages"}],"about":[{"href":"https:\/\/location.klaerwerk-krefeld.org\/index.php\/wp-json\/wp\/v2\/types\/page"}],"author":[{"embeddable":true,"href":"https:\/\/location.klaerwerk-krefeld.org\/index.php\/wp-json\/wp\/v2\/users\/1"}],"replies":[{"embeddable":true,"href":"https:\/\/location.klaerwerk-krefeld.org\/index.php\/wp-json\/wp\/v2\/comments?post=375"}],"version-history":[{"count":12,"href":"https:\/\/location.klaerwerk-krefeld.org\/index.php\/wp-json\/wp\/v2\/pages\/375\/revisions"}],"predecessor-version":[{"id":803,"href":"https:\/\/location.klaerwerk-krefeld.org\/index.php\/wp-json\/wp\/v2\/pages\/375\/revisions\/803"}],"wp:attachment":[{"href":"https:\/\/location.klaerwerk-krefeld.org\/index.php\/wp-json\/wp\/v2\/media?parent=375"}],"curies":[{"name":"wp","href":"https:\/\/api.w.org\/{rel}","templated":true}]}}