{"id":755,"date":"2025-10-23T17:26:54","date_gmt":"2025-10-23T15:26:54","guid":{"rendered":"https:\/\/location.klaerwerk-krefeld.org\/?page_id=755"},"modified":"2025-11-29T22:24:29","modified_gmt":"2025-11-29T21:24:29","slug":"weihnachtsfeier-im-historischen-klaerwerk","status":"publish","type":"page","link":"https:\/\/location.klaerwerk-krefeld.org\/index.php\/weihnachtsfeier-im-historischen-klaerwerk\/","title":{"rendered":"Weihnachtsfeier im Historischen Kl\u00e4rwerk"},"content":{"rendered":"\n<p>Suchen Sie eine&nbsp;<strong>au\u00dfergew\u00f6hnliche Location<\/strong>&nbsp;f\u00fcr Ihre n\u00e4chste&nbsp;<strong>Weihnachtsfeier in Krefeld<\/strong>? Das&nbsp;<strong>Historische Kl\u00e4rwerk Krefeld<\/strong>&nbsp;bietet Ihnen einen unvergleichlichen Rahmen, der Ihr Firmenevent oder Ihre private Weihnachtsfeier zu einem unvergesslichen Jahresabschluss macht.<\/p>\n\n\n\n<p>Wo Anfang des 20. Jahrhunderts noch Pionierarbeit in der Stadtentw\u00e4sserung geleistet wurde, erwartet Sie heute ein einzigartiges&nbsp;<strong>Industriedenkmal im Jugendstil<\/strong>. Beeindrucken Sie Ihre G\u00e4ste und Mitarbeiter mit einer Location, die Geschichte und modernen Feier-Charakter perfekt vereint.<\/p>\n\n\n\n<h2 class=\"wp-block-heading\"><strong>Die ideale Location f\u00fcr Ihre Firmen-Weihnachtsfeier<\/strong><\/h2>\n\n\n\n<p>Das historische Kl\u00e4rwerk ist mehr als nur eine&nbsp;<strong>Eventlocation<\/strong>. Es ist ein architektonisches Highlight und bietet eine inspirierende Kulisse, fernab gew\u00f6hnlicher Fests\u00e4le.<\/p>\n\n\n\n<ul class=\"wp-block-list\">\n<li><strong>Einzigartiges Ambiente:<\/strong>&nbsp;Feiern Sie in der imposanten&nbsp;<strong>Kl\u00e4rhalle<\/strong>&nbsp;mit ihren hohen Gew\u00f6lben und dem faszinierenden Industrie-Charme. Ideal f\u00fcr ein festliches Galadinner oder eine rauschende&nbsp;<strong>Betriebsweihnachtsfeier<\/strong>.<\/li>\n\n\n\n<li><strong>Kapazit\u00e4t:<\/strong>&nbsp;Egal ob kleines Team oder gro\u00dfe Gesellschaft \u2013 unsere R\u00e4umlichkeiten bieten Platz f\u00fcr&nbsp;<strong>80 bis 200 Personen<\/strong>. Die flexible Nutzung der&nbsp;<strong>Kl\u00e4rhalle<\/strong>&nbsp;und der hellen&nbsp;<strong>Pumpenhalle<\/strong>&nbsp;erm\u00f6glicht es, Empfang, Dinner und Tanzbereich optimal zu trennen.<\/li>\n\n\n\n<li><strong>Perfekte Erreichbarkeit:<\/strong>&nbsp;Das Kl\u00e4rwerk ist optimal am&nbsp;<strong>Niederrhein<\/strong>&nbsp;gelegen und auch aus dem Ruhrgebiet und D\u00fcsseldorf schnell erreichbar \u2013 ideal f\u00fcr Unternehmen aus der gesamten Region.<\/li>\n\n\n\n<li><strong>Full-Service:<\/strong>&nbsp;Von festlichen Men\u00fcs und Buffets unserer Partner-Caterer bis hin zu individuellen Getr\u00e4nkepaketen aus unserer hauseigenen \u201eKl\u00e4rbar\u201c \u2013 wir unterst\u00fctzen Sie bei der gesamten Planung Ihrer&nbsp;<strong>Weihnachtsfeier<\/strong>.<\/li>\n<\/ul>\n\n\n\n<h2 class=\"wp-block-heading\"><strong>Ein historisches Erlebnis im alten Kl\u00e4rwerk<\/strong><\/h2>\n\n\n\n<p>Als eines der \u00e4ltesten Beton-Hallenbauwerke der Welt (Baujahr 1909) und Teil der Europ\u00e4ischen Route der Industriekultur (ERIH), verleiht das <strong>Historische Kl\u00e4rwerk<\/strong>&nbsp;Ihrer Veranstaltung eine tiefere, kulturelle Note. Nutzen Sie die einzigartige Atmosph\u00e4re dieses technischen Denkmals im&nbsp;<strong>Jugendstil<\/strong>&nbsp;und schaffen Sie ein Event, \u00fcber das Ihre G\u00e4ste noch lange sprechen werden.<\/p>\n\n\n\n<h2 class=\"wp-block-heading\"><strong>Machen Sie Ihre Jahresabschlussfeier zum Highlight!<\/strong><\/h2>\n\n\n\n<h2 class=\"wp-block-heading\">Sichern Sie sich fr\u00fchzeitig Ihren Wunschtermin f\u00fcr die <strong>Weihnachtszeit<\/strong>.<\/h2>\n\n\n\n<p><strong>Jetzt unverbindlich anfragen \u2013 Wir planen Ihre au\u00dfergew\u00f6hnliche Weihnachtsfeier im Historischen Kl\u00e4rwerk Krefeld!<\/strong><\/p>\n\n\n\n<h2 class=\"wp-block-heading\"><strong>Jetzt unverbindlich anfragen<\/strong><\/h2>\n\n\n\n<p>Planen Sie Ihr Event im Kl\u00e4rwerk Krefeld:<\/p>\n\n\n\n<div class=\"wp-block-buttons is-layout-flex wp-block-buttons-is-layout-flex\">\n<div class=\"wp-block-button\"><a class=\"wp-block-button__link has-white-color has-vivid-cyan-blue-background-color has-text-color has-background has-link-color wp-element-button\" href=\"https:\/\/www.querfeldeins.org\/angebot_klaerwerk.php?products_id=202541\" style=\"border-radius:13px\">Anfrageformular<\/a><\/div>\n<\/div>\n\n\n\n<h2 class=\"wp-block-heading\"><strong>Kontakt<\/strong><\/h2>\n\n\n\n<p>Tel: \u202d<a href=\"tel:\u202d+4921519718738\u202c\">+49 2151 9718738\u202c<\/a><br><a href=\"mailto:christoph.becker@klaerwerk-krefeld.org\">location@klaerwerk-krefeld.org<\/a><\/p>\n","protected":false},"excerpt":{"rendered":"<p>Suchen Sie eine&nbsp;au\u00dfergew\u00f6hnliche Location&nbsp;f\u00fcr Ihre n\u00e4chste&nbsp;Weihnachtsfeier in Krefeld? Das&nbsp;Historische Kl\u00e4rwerk Krefeld&nbsp;bietet Ihnen einen unvergleichlichen Rahmen, der Ihr Firmenevent oder Ihre private Weihnachtsfeier zu einem unvergesslichen Jahresabschluss macht. Wo Anfang des 20. Jahrhunderts noch Pionierarbeit in der Stadtentw\u00e4sserung geleistet wurde, erwartet Sie heute ein einzigartiges&nbsp;Industriedenkmal im Jugendstil. Beeindrucken Sie Ihre G\u00e4ste und Mitarbeiter mit einer Location, &hellip; <\/p>\n<p class=\"link-more\"><a href=\"https:\/\/location.klaerwerk-krefeld.org\/index.php\/weihnachtsfeier-im-historischen-klaerwerk\/\" class=\"more-link\"><span class=\"screen-reader-text\">\u201eWeihnachtsfeier im Historischen Kl\u00e4rwerk\u201c <\/span>weiterlesen<\/a><\/p>\n","protected":false},"author":1,"featured_media":345,"parent":0,"menu_order":0,"comment_status":"closed","ping_status":"closed","template":"","meta":{"footnotes":""},"class_list":["post-755","page","type-page","status-publish","has-post-thumbnail","hentry"],"_links":{"self":[{"href":"https:\/\/location.klaerwerk-krefeld.org\/index.php\/wp-json\/wp\/v2\/pages\/755","targetHints":{"allow":["GET"]}}],"collection":[{"href":"https:\/\/location.klaerwerk-krefeld.org\/index.php\/wp-json\/wp\/v2\/pages"}],"about":[{"href":"https:\/\/location.klaerwerk-krefeld.org\/index.php\/wp-json\/wp\/v2\/types\/page"}],"author":[{"embeddable":true,"href":"https:\/\/location.klaerwerk-krefeld.org\/index.php\/wp-json\/wp\/v2\/users\/1"}],"replies":[{"embeddable":true,"href":"https:\/\/location.klaerwerk-krefeld.org\/index.php\/wp-json\/wp\/v2\/comments?post=755"}],"version-history":[{"count":6,"href":"https:\/\/location.klaerwerk-krefeld.org\/index.php\/wp-json\/wp\/v2\/pages\/755\/revisions"}],"predecessor-version":[{"id":784,"href":"https:\/\/location.klaerwerk-krefeld.org\/index.php\/wp-json\/wp\/v2\/pages\/755\/revisions\/784"}],"wp:featuredmedia":[{"embeddable":true,"href":"https:\/\/location.klaerwerk-krefeld.org\/index.php\/wp-json\/wp\/v2\/media\/345"}],"wp:attachment":[{"href":"https:\/\/location.klaerwerk-krefeld.org\/index.php\/wp-json\/wp\/v2\/media?parent=755"}],"curies":[{"name":"wp","href":"https:\/\/api.w.org\/{rel}","templated":true}]}}

Weihnachtsfeier im Historischen Klärwerk

<p>Suchen Sie eine&nbsp;<strong>außergewöhnliche Location</strong>&nbsp;für Ihre nächste&nbsp;<strong>Weihnachtsfeier in Krefeld</strong>? Das&nbsp;<strong>Historische Klärwerk Krefeld</strong>&nbsp;bietet Ihnen einen unvergleichlichen Rahmen, der Ihr Firmenevent oder Ihre private Weihnachtsfeier zu einem unvergesslichen Jahresabschluss macht.</p>



<p>Wo Anfang des 20. Jahrhunderts noch Pionierarbeit in der Stadtentwässerung geleistet wurde, erwartet Sie heute ein einzigartiges&nbsp;<strong>Industriedenkmal im Jugendstil</strong>. Beeindrucken Sie Ihre Gäste und Mitarbeiter mit einer Location, die Geschichte und modernen Feier-Charakter perfekt vereint.</p>



<h2 class="wp-block-heading"><strong>Die ideale Location für Ihre Firmen-Weihnachtsfeier</strong></h2>



<p>Das historische Klärwerk ist mehr als nur eine&nbsp;<strong>Eventlocation</strong>. Es ist ein architektonisches Highlight und bietet eine inspirierende Kulisse, fernab gewöhnlicher Festsäle.</p>



<ul class="wp-block-list">
<li><strong>Einzigartiges Ambiente:</strong>&nbsp;Feiern Sie in der imposanten&nbsp;<strong>Klärhalle</strong>&nbsp;mit ihren hohen Gewölben und dem faszinierenden Industrie-Charme. Ideal für ein festliches Galadinner oder eine rauschende&nbsp;<strong>Betriebsweihnachtsfeier</strong>.</li>



<li><strong>Kapazität:</strong>&nbsp;Egal ob kleines Team oder große Gesellschaft – unsere Räumlichkeiten bieten Platz für&nbsp;<strong>80 bis 200 Personen</strong>. Die flexible Nutzung der&nbsp;<strong>Klärhalle</strong>&nbsp;und der hellen&nbsp;<strong>Pumpenhalle</strong>&nbsp;ermöglicht es, Empfang, Dinner und Tanzbereich optimal zu trennen.</li>



<li><strong>Perfekte Erreichbarkeit:</strong>&nbsp;Das Klärwerk ist optimal am&nbsp;<strong>Niederrhein</strong>&nbsp;gelegen und auch aus dem Ruhrgebiet und Düsseldorf schnell erreichbar – ideal für Unternehmen aus der gesamten Region.</li>



<li><strong>Full-Service:</strong>&nbsp;Von festlichen Menüs und Buffets unserer Partner-Caterer bis hin zu individuellen Getränkepaketen aus unserer hauseigenen „Klärbar“ – wir unterstützen Sie bei der gesamten Planung Ihrer&nbsp;<strong>Weihnachtsfeier</strong>.</li>
</ul>



<h2 class="wp-block-heading"><strong>Ein historisches Erlebnis im alten Klärwerk</strong></h2>



<p>Als eines der ältesten Beton-Hallenbauwerke der Welt (Baujahr 1909) und Teil der Europäischen Route der Industriekultur (ERIH), verleiht das <strong>Historische Klärwerk</strong>&nbsp;Ihrer Veranstaltung eine tiefere, kulturelle Note. Nutzen Sie die einzigartige Atmosphäre dieses technischen Denkmals im&nbsp;<strong>Jugendstil</strong>&nbsp;und schaffen Sie ein Event, über das Ihre Gäste noch lange sprechen werden.</p>



<h2 class="wp-block-heading"><strong>Machen Sie Ihre Jahresabschlussfeier zum Highlight!</strong></h2>



<h2 class="wp-block-heading">Sichern Sie sich frühzeitig Ihren Wunschtermin für die <strong>Weihnachtszeit</strong>.</h2>



<p><strong>Jetzt unverbindlich anfragen – Wir planen Ihre außergewöhnliche Weihnachtsfeier im Historischen Klärwerk Krefeld!</strong></p>



<h2 class="wp-block-heading"><strong>Jetzt unverbindlich anfragen</strong></h2>



<p>Planen Sie Ihr Event im Klärwerk Krefeld:</p>



<div class="wp-block-buttons is-layout-flex wp-block-buttons-is-layout-flex">
<div class="wp-block-button"><a class="wp-block-button__link has-white-color has-vivid-cyan-blue-background-color has-text-color has-background has-link-color wp-element-button" href="https://www.querfeldeins.org/angebot_klaerwerk.php?products_id=202541" style="border-radius:13px">Anfrageformular</a></div>
</div>



<h2 class="wp-block-heading"><strong>Kontakt</strong></h2>



<p>Tel: ‭<a href="tel:‭+4921519718738‬">+49 2151 9718738‬</a><br><a href="mailto:christoph.becker@klaerwerk-krefeld.org">location@klaerwerk-krefeld.org</a></p>

<p>Suchen Sie eine&nbsp;außergewöhnliche Location&nbsp;für Ihre nächste&nbsp;Weihnachtsfeier in Krefeld? Das&nbsp;Historische Klärwerk Krefeld&nbsp;bietet Ihnen einen unvergleichlichen Rahmen, der Ihr Firmenevent oder Ihre private Weihnachtsfeier zu einem unvergesslichen Jahresabschluss macht. Wo Anfang des 20. Jahrhunderts noch Pionierarbeit in der Stadtentwässerung geleistet wurde, erwartet Sie heute ein einzigartiges&nbsp;Industriedenkmal im Jugendstil. Beeindrucken Sie Ihre Gäste und Mitarbeiter mit einer Location, &hellip; </p>
<p class="link-more"><a href="https://location.klaerwerk-krefeld.org/index.php/weihnachtsfeier-im-historischen-klaerwerk/" class="more-link"><span class="screen-reader-text">„Weihnachtsfeier im Historischen Klärwerk“ </span>weiterlesen</a></p>
